{"id":41,"date":"2019-09-13T15:51:34","date_gmt":"2019-09-13T12:51:34","guid":{"rendered":"http:\/\/emrekilic.net\/?page_id=41"},"modified":"2022-06-06T23:50:36","modified_gmt":"2022-06-06T20:50:36","slug":"iletisim","status":"publish","type":"page","link":"https:\/\/emrekilic.net\/blog\/iletisim\/","title":{"rendered":"\u0130leti\u015fim"},"content":{"rendered":"<p>email: <a href=\"mailto:ben@emrekilic.net\">ben@emrekilic.net<\/a> &amp; <a href=\"mailto:hi@emrekilic.net\">hi@emrekilic.net<\/a><\/p>\n<hr \/>\n\n<div class=\"wpcf7 no-js\" id=\"wpcf7-f39-o1\" lang=\"tr-TR\" dir=\"ltr\">\n<div class=\"screen-reader-response\"><p role=\"status\" aria-live=\"polite\" aria-atomic=\"true\"><\/p> <ul><\/ul><\/div>\n<form action=\"\/blog\/wp-json\/wp\/v2\/pages\/41#wpcf7-f39-o1\" method=\"post\" class=\"wpcf7-form init\" aria-label=\"Contact form\" novalidate=\"novalidate\" data-status=\"init\">\n<div style=\"display: none;\">\n<input type=\"hidden\" name=\"_wpcf7\" value=\"39\" \/>\n<input type=\"hidden\" name=\"_wpcf7_version\" value=\"5.7.7\" \/>\n<input type=\"hidden\" name=\"_wpcf7_locale\" value=\"tr_TR\" \/>\n<input type=\"hidden\" name=\"_wpcf7_unit_tag\" value=\"wpcf7-f39-o1\" \/>\n<input type=\"hidden\" name=\"_wpcf7_container_post\" value=\"0\" \/>\n<input type=\"hidden\" name=\"_wpcf7_posted_data_hash\" value=\"\" \/>\n<\/div>\n<p><label> Ad\u0131n\u0131z (gerekli)<br \/>\n<span class=\"wpcf7-form-control-wrap\" data-name=\"your-name\"><input size=\"40\" class=\"wpcf7-form-control wpcf7-text wpcf7-validates-as-required\" aria-required=\"true\" aria-invalid=\"false\" value=\"\" type=\"text\" name=\"your-name\" \/><\/span> <\/label>\n<\/p>\n<p><label> E-posta adresiniz (gerekli)<br \/>\n<span class=\"wpcf7-form-control-wrap\" data-name=\"your-email\"><input size=\"40\" class=\"wpcf7-form-control wpcf7-text wpcf7-email wpcf7-validates-as-required wpcf7-validates-as-email\" aria-required=\"true\" aria-invalid=\"false\" value=\"\" type=\"email\" name=\"your-email\" \/><\/span> <\/label>\n<\/p>\n<p><label> Konu<br \/>\n<span class=\"wpcf7-form-control-wrap\" data-name=\"your-subject\"><input size=\"40\" class=\"wpcf7-form-control wpcf7-text\" aria-invalid=\"false\" value=\"\" type=\"text\" name=\"your-subject\" \/><\/span> <\/label>\n<\/p>\n<p><label> \u0130letiniz (gerekli)<br \/>\n<span class=\"wpcf7-form-control-wrap\" data-name=\"your-message\"><textarea cols=\"40\" rows=\"10\" class=\"wpcf7-form-control wpcf7-textarea wpcf7-validates-as-required\" aria-required=\"true\" aria-invalid=\"false\" name=\"your-message\"><\/textarea><\/span> <\/label>\n<\/p>\n<p><input class=\"wpcf7-form-control has-spinner wpcf7-submit\" type=\"submit\" value=\"G\u00f6nder\" \/>\n<\/p><div class=\"wpcf7-response-output\" aria-hidden=\"true\"><\/div>\n<\/form>\n<\/div>\n\n","protected":false},"excerpt":{"rendered":"<p>email: ben@emrekilic.net &amp; hi@emrekilic.net<\/p>\n","protected":false},"author":1,"featured_media":0,"parent":0,"menu_order":0,"comment_status":"closed","ping_status":"closed","template":"","meta":[],"yoast_head":"<!-- This site is optimized with the Yoast SEO plugin v20.9 - https:\/\/yoast.com\/wordpress\/plugins\/seo\/ -->\n<title>\u0130leti\u015fim - Emre K\u0131l\u0131\u00e7<\/title>\n<meta name=\"robots\" content=\"index, follow, max-snippet:-1, max-image-preview:large, max-video-preview:-1\" \/>\n<link rel=\"canonical\" href=\"https:\/\/emrekilic.net\/blog\/iletisim\/\" \/>\n<meta property=\"og:locale\" content=\"tr_TR\" \/>\n<meta property=\"og:type\" content=\"article\" \/>\n<meta property=\"og:title\" content=\"\u0130leti\u015fim - Emre K\u0131l\u0131\u00e7\" \/>\n<meta property=\"og:url\" content=\"https:\/\/emrekilic.net\/blog\/iletisim\/\" \/>\n<meta property=\"og:site_name\" content=\"Emre K\u0131l\u0131\u00e7\" \/>\n<meta property=\"article:modified_time\" content=\"2022-06-06T20:50:36+00:00\" \/>\n<meta name=\"twitter:card\" content=\"summary_large_image\" \/>\n<script type=\"application\/ld+json\" class=\"yoast-schema-graph\">{\"@context\":\"https:\/\/schema.org\",\"@graph\":[{\"@type\":\"WebPage\",\"@id\":\"https:\/\/emrekilic.net\/blog\/iletisim\/\",\"url\":\"https:\/\/emrekilic.net\/blog\/iletisim\/\",\"name\":\"\u0130leti\u015fim - Emre K\u0131l\u0131\u00e7\",\"isPartOf\":{\"@id\":\"https:\/\/emrekilic.net\/blog\/#website\"},\"datePublished\":\"2019-09-13T12:51:34+00:00\",\"dateModified\":\"2022-06-06T20:50:36+00:00\",\"breadcrumb\":{\"@id\":\"https:\/\/emrekilic.net\/blog\/iletisim\/#breadcrumb\"},\"inLanguage\":\"tr\",\"potentialAction\":[{\"@type\":\"ReadAction\",\"target\":[\"https:\/\/emrekilic.net\/blog\/iletisim\/\"]}]},{\"@type\":\"BreadcrumbList\",\"@id\":\"https:\/\/emrekilic.net\/blog\/iletisim\/#breadcrumb\",\"itemListElement\":[{\"@type\":\"ListItem\",\"position\":1,\"name\":\"Ana sayfa\",\"item\":\"https:\/\/emrekilic.net\/blog\/\"},{\"@type\":\"ListItem\",\"position\":2,\"name\":\"\u0130leti\u015fim\"}]},{\"@type\":\"WebSite\",\"@id\":\"https:\/\/emrekilic.net\/blog\/#website\",\"url\":\"https:\/\/emrekilic.net\/blog\/\",\"name\":\"Emre K\u0131l\u0131\u00e7\",\"description\":\"Ki\u015fisel Blog\",\"publisher\":{\"@id\":\"https:\/\/emrekilic.net\/blog\/#\/schema\/person\/c1ef4c17da3611aad7fc763a974bed8c\"},\"potentialAction\":[{\"@type\":\"SearchAction\",\"target\":{\"@type\":\"EntryPoint\",\"urlTemplate\":\"https:\/\/emrekilic.net\/blog\/?s={search_term_string}\"},\"query-input\":\"required name=search_term_string\"}],\"inLanguage\":\"tr\"},{\"@type\":[\"Person\",\"Organization\"],\"@id\":\"https:\/\/emrekilic.net\/blog\/#\/schema\/person\/c1ef4c17da3611aad7fc763a974bed8c\",\"name\":\"Emre K\u0131l\u0131\u00e7\",\"image\":{\"@type\":\"ImageObject\",\"inLanguage\":\"tr\",\"@id\":\"https:\/\/emrekilic.net\/blog\/#\/schema\/person\/image\/\",\"url\":\"https:\/\/emrekilic.net\/wp-content\/uploads\/2019\/09\/android-chrome-512x512.png\",\"contentUrl\":\"https:\/\/emrekilic.net\/wp-content\/uploads\/2019\/09\/android-chrome-512x512.png\",\"width\":512,\"height\":512,\"caption\":\"Emre K\u0131l\u0131\u00e7\"},\"logo\":{\"@id\":\"https:\/\/emrekilic.net\/blog\/#\/schema\/person\/image\/\"},\"sameAs\":[\"http:\/\/emrekilic.net\"]}]}<\/script>\n<!-- \/ Yoast SEO plugin. -->","yoast_head_json":{"title":"\u0130leti\u015fim - Emre K\u0131l\u0131\u00e7","robots":{"index":"index","follow":"follow","max-snippet":"max-snippet:-1","max-image-preview":"max-image-preview:large","max-video-preview":"max-video-preview:-1"},"canonical":"https:\/\/emrekilic.net\/blog\/iletisim\/","og_locale":"tr_TR","og_type":"article","og_title":"\u0130leti\u015fim - Emre K\u0131l\u0131\u00e7","og_url":"https:\/\/emrekilic.net\/blog\/iletisim\/","og_site_name":"Emre K\u0131l\u0131\u00e7","article_modified_time":"2022-06-06T20:50:36+00:00","twitter_card":"summary_large_image","schema":{"@context":"https:\/\/schema.org","@graph":[{"@type":"WebPage","@id":"https:\/\/emrekilic.net\/blog\/iletisim\/","url":"https:\/\/emrekilic.net\/blog\/iletisim\/","name":"\u0130leti\u015fim - Emre K\u0131l\u0131\u00e7","isPartOf":{"@id":"https:\/\/emrekilic.net\/blog\/#website"},"datePublished":"2019-09-13T12:51:34+00:00","dateModified":"2022-06-06T20:50:36+00:00","breadcrumb":{"@id":"https:\/\/emrekilic.net\/blog\/iletisim\/#breadcrumb"},"inLanguage":"tr","potentialAction":[{"@type":"ReadAction","target":["https:\/\/emrekilic.net\/blog\/iletisim\/"]}]},{"@type":"BreadcrumbList","@id":"https:\/\/emrekilic.net\/blog\/iletisim\/#breadcrumb","itemListElement":[{"@type":"ListItem","position":1,"name":"Ana sayfa","item":"https:\/\/emrekilic.net\/blog\/"},{"@type":"ListItem","position":2,"name":"\u0130leti\u015fim"}]},{"@type":"WebSite","@id":"https:\/\/emrekilic.net\/blog\/#website","url":"https:\/\/emrekilic.net\/blog\/","name":"Emre K\u0131l\u0131\u00e7","description":"Ki\u015fisel Blog","publisher":{"@id":"https:\/\/emrekilic.net\/blog\/#\/schema\/person\/c1ef4c17da3611aad7fc763a974bed8c"},"potentialAction":[{"@type":"SearchAction","target":{"@type":"EntryPoint","urlTemplate":"https:\/\/emrekilic.net\/blog\/?s={search_term_string}"},"query-input":"required name=search_term_string"}],"inLanguage":"tr"},{"@type":["Person","Organization"],"@id":"https:\/\/emrekilic.net\/blog\/#\/schema\/person\/c1ef4c17da3611aad7fc763a974bed8c","name":"Emre K\u0131l\u0131\u00e7","image":{"@type":"ImageObject","inLanguage":"tr","@id":"https:\/\/emrekilic.net\/blog\/#\/schema\/person\/image\/","url":"https:\/\/emrekilic.net\/wp-content\/uploads\/2019\/09\/android-chrome-512x512.png","contentUrl":"https:\/\/emrekilic.net\/wp-content\/uploads\/2019\/09\/android-chrome-512x512.png","width":512,"height":512,"caption":"Emre K\u0131l\u0131\u00e7"},"logo":{"@id":"https:\/\/emrekilic.net\/blog\/#\/schema\/person\/image\/"},"sameAs":["http:\/\/emrekilic.net"]}]}},"_links":{"self":[{"href":"https:\/\/emrekilic.net\/blog\/wp-json\/wp\/v2\/pages\/41"}],"collection":[{"href":"https:\/\/emrekilic.net\/blog\/wp-json\/wp\/v2\/pages"}],"about":[{"href":"https:\/\/emrekilic.net\/blog\/wp-json\/wp\/v2\/types\/page"}],"author":[{"embeddable":true,"href":"https:\/\/emrekilic.net\/blog\/wp-json\/wp\/v2\/users\/1"}],"replies":[{"embeddable":true,"href":"https:\/\/emrekilic.net\/blog\/wp-json\/wp\/v2\/comments?post=41"}],"version-history":[{"count":5,"href":"https:\/\/emrekilic.net\/blog\/wp-json\/wp\/v2\/pages\/41\/revisions"}],"predecessor-version":[{"id":280,"href":"https:\/\/emrekilic.net\/blog\/wp-json\/wp\/v2\/pages\/41\/revisions\/280"}],"wp:attachment":[{"href":"https:\/\/emrekilic.net\/blog\/wp-json\/wp\/v2\/media?parent=41"}],"curies":[{"name":"wp","href":"https:\/\/api.w.org\/{rel}","templated":true}]}}